{"id":3376,"date":"2024-07-03T13:16:15","date_gmt":"2024-07-03T13:16:15","guid":{"rendered":"https:\/\/mwanza.de\/wps\/?page_id=3376"},"modified":"2024-08-05T12:02:16","modified_gmt":"2024-08-05T12:02:16","slug":"shaloom-care-house","status":"publish","type":"page","link":"http:\/\/mwanza.de\/wps\/shaloom-care-house\/","title":{"rendered":"Shaloom Care House"},"content":{"rendered":"<div  class='flex_column av-10g89c-8ec3ea018d5d32ad9b68726340a4e553 av_one_full  avia-builder-el-0  el_before_av_layerslider  avia-builder-el-no-sibling  first flex_column_div  '     ><section  class='av_textblock_section av-ly5uoo0v-1639745c73c33e33aacd04a57345850d '   itemscope=\"itemscope\" itemtype=\"https:\/\/schema.org\/CreativeWork\" ><div class='avia_textblock'  itemprop=\"text\" ><h2 style=\"text-align: center;\">Shaloom Care House<\/h2>\n<\/div><\/section><\/div><\/div><\/div><\/div><!-- close content main div --><\/div><\/div><div id='layer_slider_1'  class='avia-layerslider main_color avia-shadow  avia-builder-el-2  el_after_av_one_full  el_before_av_section  slider-not-first container_wrap sidebar_right'  style='height: 721px; max-width: 1280px; margin: 0 auto;'  ><\/div><\/p>\n<div id='av_section_1'  class='avia-section av-7upjhs-86d63c75ac02445fc385780072df228b main_color avia-section-default avia-no-border-styling  avia-builder-el-3  el_after_av_layerslider  el_before_av_section  avia-bg-style-scroll container_wrap sidebar_right'  ><div class='container av-section-cont-open' ><div class='template-page content  av-content-small alpha units'><div class='post-entry post-entry-type-page post-entry-3376'><div class='entry-content-wrapper clearfix'>\n<section  class='av_textblock_section av-ly5usal2-90cc5bb8beccca984ed4edb89990b7f4 '   itemscope=\"itemscope\" itemtype=\"https:\/\/schema.org\/CreativeWork\" ><div class='avia_textblock'  itemprop=\"text\" ><p>Diese Einrichtung geh\u00f6rt zur Gesundheitsabteilung der Erzdi\u00f6zese Mwanza. Projekte wie Kinderg\u00e4rten, Jugendprojekte, ein AIDS-B\u00fcro z\u00e4hlen dazu. Wir unterst\u00fctzen diese Einrichtung \u00fcber unsere M\u00e4dchenf\u00f6rderung die Jugendliche unterst\u00fctzt, deren Eltern nicht in der Lage sind, eine Sekundarschulausbildung zu gew\u00e4hrleisten. Genaue Berichte \u00fcber die F\u00f6rderung zeigen den schulischen Erfolg der gef\u00f6rderten M\u00e4dchen.<\/p>\n<\/div><\/section>\n\n<\/div><\/div><\/div><!-- close content main div --><\/div><\/div><div id='av_section_2'  class='avia-section av-ly5uwokw-860263e7d946171a29a6bac213144179 alternate_color avia-section-default avia-no-border-styling  avia-builder-el-5  el_after_av_section  el_before_av_section  avia-bg-style-scroll container_wrap sidebar_right'  ><div class='container av-section-cont-open' ><div class='template-page content  av-content-small alpha units'><div class='post-entry post-entry-type-page post-entry-3376'><div class='entry-content-wrapper clearfix'>\n<div  class='flex_column av-6gm4nk-574916d514117b765dff7c318cae7798 av_one_half  avia-builder-el-6  el_before_av_one_half  avia-builder-el-first  first flex_column_div  '     ><style type=\"text\/css\" data-created_by=\"avia_inline_auto\" id=\"style-css-av-ly5uvero-f7941250cdf9e816fa9eedf4e813d564\">\n.avia-image-container.av-ly5uvero-f7941250cdf9e816fa9eedf4e813d564 img.avia_image{\nbox-shadow:none;\n}\n.avia-image-container.av-ly5uvero-f7941250cdf9e816fa9eedf4e813d564 .av-image-caption-overlay-center{\ncolor:#ffffff;\n}\n<\/style>\n<div  class='avia-image-container av-ly5uvero-f7941250cdf9e816fa9eedf4e813d564 av-styling- avia-align-center  avia-builder-el-7  avia-builder-el-no-sibling '   itemprop=\"image\" itemscope=\"itemscope\" itemtype=\"https:\/\/schema.org\/ImageObject\" ><div class=\"avia-image-container-inner\"><div class=\"avia-image-overlay-wrap\"><img decoding=\"async\" fetchpriority=\"high\" class='wp-image-2901 avia-img-lazy-loading-not-2901 avia_image ' src=\"http:\/\/mwanza.de\/wps\/wp-content\/uploads\/2024\/06\/Shaloom_02.jpg\" alt='' title='Shaloom_02'  height=\"1200\" width=\"900\"  itemprop=\"thumbnailUrl\" srcset=\"http:\/\/mwanza.de\/wps\/wp-content\/uploads\/2024\/06\/Shaloom_02.jpg 900w, http:\/\/mwanza.de\/wps\/wp-content\/uploads\/2024\/06\/Shaloom_02-225x300.jpg 225w, http:\/\/mwanza.de\/wps\/wp-content\/uploads\/2024\/06\/Shaloom_02-768x1024.jpg 768w\" sizes=\"(max-width: 900px) 100vw, 900px\" \/><\/div><\/div><\/div><\/div><div  class='flex_column av-3kv4s0-3a8ccb844e3011e533835dff129d697f av_one_half  avia-builder-el-8  el_after_av_one_half  avia-builder-el-last  flex_column_div  '     ><style type=\"text\/css\" data-created_by=\"avia_inline_auto\" id=\"style-css-av-ly5uw7dr-92bcfedc4d896f09621d0dd83e05159f\">\n.avia-image-container.av-ly5uw7dr-92bcfedc4d896f09621d0dd83e05159f img.avia_image{\nbox-shadow:none;\n}\n.avia-image-container.av-ly5uw7dr-92bcfedc4d896f09621d0dd83e05159f .av-image-caption-overlay-center{\ncolor:#ffffff;\n}\n<\/style>\n<div  class='avia-image-container av-ly5uw7dr-92bcfedc4d896f09621d0dd83e05159f av-styling- avia-align-center  avia-builder-el-9  avia-builder-el-no-sibling '   itemprop=\"image\" itemscope=\"itemscope\" itemtype=\"https:\/\/schema.org\/ImageObject\" ><div class=\"avia-image-container-inner\"><div class=\"avia-image-overlay-wrap\"><img decoding=\"async\" fetchpriority=\"high\" class='wp-image-2902 avia-img-lazy-loading-not-2902 avia_image ' src=\"http:\/\/mwanza.de\/wps\/wp-content\/uploads\/2024\/06\/Shaloom_03.jpg\" alt='' title='Shaloom_03'  height=\"1200\" width=\"1600\"  itemprop=\"thumbnailUrl\" srcset=\"http:\/\/mwanza.de\/wps\/wp-content\/uploads\/2024\/06\/Shaloom_03.jpg 1600w, http:\/\/mwanza.de\/wps\/wp-content\/uploads\/2024\/06\/Shaloom_03-300x225.jpg 300w, http:\/\/mwanza.de\/wps\/wp-content\/uploads\/2024\/06\/Shaloom_03-1024x768.jpg 1024w, http:\/\/mwanza.de\/wps\/wp-content\/uploads\/2024\/06\/Shaloom_03-768x576.jpg 768w, http:\/\/mwanza.de\/wps\/wp-content\/uploads\/2024\/06\/Shaloom_03-1536x1152.jpg 1536w\" sizes=\"(max-width: 1600px) 100vw, 1600px\" \/><\/div><\/div><\/div><\/div>\n\n<\/div><\/div><\/div><!-- close content main div --><\/div><\/div><div id='av_section_3'  class='avia-section av-2xiq5c-764e20c9ece4bb6ae6d458da6b48c949 main_color avia-section-default avia-no-border-styling  avia-builder-el-10  el_after_av_section  avia-builder-el-last  avia-bg-style-scroll container_wrap sidebar_right'  ><div class='container av-section-cont-open' ><div class='template-page content  av-content-small alpha units'><div class='post-entry post-entry-type-page post-entry-3376'><div class='entry-content-wrapper clearfix'>\n<div  class='avia-button-wrap av-ly5uyuo1-d50ee321b3cac35829c56786f7b012e3-wrap avia-button-left  avia-builder-el-11  el_before_av_textblock  avia-builder-el-first '>\n<style type=\"text\/css\" data-created_by=\"avia_inline_auto\" id=\"style-css-av-ly5uyuo1-d50ee321b3cac35829c56786f7b012e3\">\n#top #wrap_all .avia-button.av-ly5uyuo1-d50ee321b3cac35829c56786f7b012e3{\nfont-size:16px;\ntransition:all 0.4s ease-in-out;\n}\n<\/style>\n<a href='http:\/\/mwanza.de\/wps\/wp-content\/uploads\/2024\/06\/Shaloom-Flyer-1.pdf'  class='avia-button av-ly5uyuo1-d50ee321b3cac35829c56786f7b012e3 av-download-btn noLightbox avia-icon_select-no avia-size-large avia-position-left avia-color-theme-color' download ><span class='avia_iconbox_title' >Download Flyer<\/span><\/a><\/div>\n<section  class='av_textblock_section av-ly5v1szy-2a508e0ed8f2ca1cb113f546f3128033 '   itemscope=\"itemscope\" itemtype=\"https:\/\/schema.org\/CreativeWork\" ><div class='avia_textblock'  itemprop=\"text\" ><p>Zur Fortf\u00fchrung dieser Initiative ben\u00f6tigen wir Unterst\u00fctzung, spenden Sie mit dem Stichwort \u201eShaloom Care\u201c.<\/p>\n<\/div><\/section>\n<div  class='avia-button-wrap av-ly5v2lmu-6fdd08a7bf0db1583b88d9ab0c06181a-wrap avia-button-left  avia-builder-el-13  el_after_av_textblock  avia-builder-el-last '>\n<style type=\"text\/css\" data-created_by=\"avia_inline_auto\" id=\"style-css-av-ly5v2lmu-6fdd08a7bf0db1583b88d9ab0c06181a\">\n#top #wrap_all .avia-button.av-ly5v2lmu-6fdd08a7bf0db1583b88d9ab0c06181a{\nfont-size:16px;\ntransition:all 0.4s ease-in-out;\n}\n<\/style>\n<a href='https:\/\/mwanza.de\/wps\/spenden\/'  class='avia-button av-ly5v2lmu-6fdd08a7bf0db1583b88d9ab0c06181a av-link-btn avia-icon_select-yes-left-icon avia-size-large avia-position-left avia-color-theme-color'  ><span class='avia_button_icon avia_button_icon_left' aria-hidden='true' data-av_icon='\ue807' data-av_iconfont='entypo-fontello'><\/span><span class='avia_iconbox_title' >Spenden<\/span><\/a><\/div>\n<\/div><\/div><\/div><!-- close content main div --><\/div><\/div><div id='after_section_3'  class='main_color av_default_container_wrap container_wrap sidebar_right'  ><div class='container av-section-cont-open' ><div class='template-page content  av-content-small alpha units'><div class='post-entry post-entry-type-page post-entry-3376'><div class='entry-content-wrapper clearfix'>\n","protected":false},"excerpt":{"rendered":"","protected":false},"author":1,"featured_media":0,"parent":0,"menu_order":0,"comment_status":"closed","ping_status":"closed","template":"","meta":{"footnotes":""},"class_list":["post-3376","page","type-page","status-publish","hentry"],"_links":{"self":[{"href":"http:\/\/mwanza.de\/wps\/wp-json\/wp\/v2\/pages\/3376","targetHints":{"allow":["GET"]}}],"collection":[{"href":"http:\/\/mwanza.de\/wps\/wp-json\/wp\/v2\/pages"}],"about":[{"href":"http:\/\/mwanza.de\/wps\/wp-json\/wp\/v2\/types\/page"}],"author":[{"embeddable":true,"href":"http:\/\/mwanza.de\/wps\/wp-json\/wp\/v2\/users\/1"}],"replies":[{"embeddable":true,"href":"http:\/\/mwanza.de\/wps\/wp-json\/wp\/v2\/comments?post=3376"}],"version-history":[{"count":5,"href":"http:\/\/mwanza.de\/wps\/wp-json\/wp\/v2\/pages\/3376\/revisions"}],"predecessor-version":[{"id":3714,"href":"http:\/\/mwanza.de\/wps\/wp-json\/wp\/v2\/pages\/3376\/revisions\/3714"}],"wp:attachment":[{"href":"http:\/\/mwanza.de\/wps\/wp-json\/wp\/v2\/media?parent=3376"}],"curies":[{"name":"wp","href":"https:\/\/api.w.org\/{rel}","templated":true}]}}